mmon factor of 108 and p.
12
Let g = -2 + 47. Suppose -z = -5*t - 42, 0 = 208*z - 205*z - 2*t - 87. Calculate the greatest common factor of z and g.
9
Suppose 0*a + 2*a - 26 = -2*l, -5*a + 13 = l. What is the greatest common divisor of l and 13?
13
Let h(f) = f**3 + 6*f**2 + 8*f + 17. Let w be h(-5). Suppose w*p + 171 = 179. Let y be -22*(-1 - -1 - 2). Calculate the greatest common divisor of p and y.
4
Let m be (-10 - -12) + 2*-1. Suppose 0 = 4*w - k - 61 - 47, m = -2*k + 8. What is the greatest common divisor of w and 224?
28
Let w be 340/10 - (-1 - -6). Calculate the greatest common factor of w and 1073.
29
Let f = 3 - 0. Suppose 3*x + 2*s - 49 = s, -f*x + 53 = 5*s. What is the greatest common divisor of x and 112?
16
Suppose 2*c - 36 = 4*q, 0*c = 5*c + q - 112. Let b be -3*(-2)/(-6) + c. What is the highest common divisor of b and 168?
21
Let n(i) = 3*i**3 + 2*i**2 + 1. Let a be n(-2). Let p = a - -34. Suppose 2*c + 988 = 15*c. What is the highest common divisor of c and p?
19
Suppose 5*k = 42 + 68. What is the highest common factor of 352 and k?
22
Suppose -5*o - 5*l + 2690 = 0, -2*o = -3*o + 3*l + 530. What is the highest common divisor of 67 and o?
67
Let l(d) = -d**3 - 9*d**2 - d - 2. Let q be (-112)/24*6/(-4). Suppose i = -q - 2. Let r be l(i). What is the highest common factor of 7 and r?
7
Suppose -a - 5*i = 9, -5*i + 7*i + 45 = -5*a. Let x = 60 + a. Calculate the highest common divisor of x and 34.
17
Let y = -16 - -21. Let s(f) = f**3 - 2*f**2 - f - 4. Let c be s(y). Let l be 12/c - 295/(-11). Calculate the greatest common factor of l and 27.
27
Let d be (2/(-4))/((-7)/(-826)). Let o = -37 - d. Let j be (-9)/(-4) + 2/(-8). What is the greatest common factor of o and j?
2
Let s be (-110)/2 - (-1 - -2). Let o be (-4)/18 + s/(-9) + -3. Calculate the greatest common factor of 2 and o.
1
Suppose 38 = -2*d + 4*d - 2*u, -4*d - u = -81. Let k(f) = f**2 + 4*f + 1. Let x be k(-7). Let v = x - d. Calculate the greatest common divisor of v and 18.
2
Let x(m) = 2*m + 21. Let u be x(-9). Suppose 3*i - u*d - 39 = 0, -d + 0 = 3. Calculate the highest common factor of i and 5.
5
Suppose 0 = 4*n + 63 - 635. Suppose -n = -4*f + 145. Suppose -k = -3*a - 18, -f = 5*k - 10*k - 3*a. What is the greatest common divisor of 10 and k?
5
Suppose 0 = 4*o - 4, 2*a + 4*o = -a + 4. Suppose 0 = -x - 0 + 5, 0 = -4*p - 2*x + 34. Let j = p - a. Calculate the highest common factor of 30 and j.
6
Let h(k) = 5*k**2 + 46*k - 30. Let s be h(-10). Calculate the greatest common factor of 320 and s.
10
Let t be 66/((2024/(-96))/23 - -1). What is the highest common divisor of t and 12?
12
Let v be -2*1*(-50)/4. Let y = 81 - v. What is the greatest common divisor of y and 7?
7
Suppose -3*r - 7*c + 4*c = -99, 4*r - 4*c - 108 = 0. Calculate the greatest common divisor of 30 and r.
30
Let v(h) = -3*h**3 + 2*h**2 + 10*h - 33. Let l be v(-5). What is the highest common factor of 63 and l?
9
Let w be (-295)/(-35) + -2*3/14. Let k be (6/(-5))/(3/(-80)). Calculate the greatest common factor of w and k.
8
Let t(w) = 2*w**2 + 7*w - 3. Let c be t(-6). Let g(v) = -333*v + 1359. Let s be g(4). Calculate the greatest common divisor of c and s.
27
Suppose -24*x = -36*x + 528. Let m be 4/(-14) + 79/7. Calculate the greatest common divisor of x and m.
11
Suppose -3*j + 59 = 5*y - 41, 5*j - 100 = -5*y. What is the greatest common divisor of y and 460?
20
Let x(n) = -2 + n + 0*n + 2*n + 0*n. Let v be x(2). What is the greatest common divisor of 4 and v?
4
Suppose -w + 2*d = -31, 5 = 2*d - 3. What is the greatest common factor of 104 and w?
13
Suppose -9*a + 4*a = 0. Let h be a + 0 - (1 + -5). Let w be h - (1 + 4/(-1)). What is the greatest common factor of w and 56?
7
Let n be (2 + 24/(-4) + 5)*0. Suppose -3*x + 4*x = 5. Suppose n = x*h + 3 - 53. What is the highest common divisor of 30 and h?
10
Suppose 4*z + 10 = 2*z, 2*l + z = 45. What is the greatest common divisor of l and 75?
25
Let l = -198 - -234. Let b be (5 - -1)*(-12)/(-8). What is the greatest common factor of b and l?
9
Let i be -17 - 3946/(-54) - (-4)/(-54). Calculate the greatest common divisor of 182 and i.
14
Let d(y) = y**2 - 28*y + 43. Let u be d(27). What is the highest common factor of 176 and u?
16
Let q = 960 - 637. Calculate the greatest common factor of 34 and q.
17
Let o be (-5)/(-5 + 3 + 1). What is the greatest common factor of 45 and o?
5
Suppose -9*s = -15*s + 168. Let v = -29 - -57. Calculate the highest common divisor of s and v.
28
Suppose 4*o = 30 + 22. Suppose 0 = 3*a + o + 2, -5*z = -3*a - 90. Calculate the highest common divisor of 3 and z.
3
Let m(t) = -83*t + 6. Let i be m(1). Let j = 129 + i. What is the highest common factor of 26 and j?
26
Suppose 3*g + 11*l - 4410 = 7*l, 4*g - 4*l - 5908 = 0. Calculate the greatest common divisor of g and 22.
22
Let a = -463 + 487. What is the highest common factor of 688 and a?
8
Let q(g) = g**2 - 4*g - 5. Let m be q(7). Suppose -19*d = -m*d - 18. Calculate the greatest common divisor of d and 12.
6
Let h be 11*1 + (14 - 286/22). Let d = -195 - -279. What is the greatest common divisor of h and d?
12
Let h = -735 + 963. What is the greatest common divisor of 96 and h?
12
Let n be (-80)/(-7) - (-52)/91. What is the highest common factor of n and 36?
12
Let f(q) = -5*q**3 - q**2 - 4*q - 2. Let p be f(-2). Let s = p - 22. What is the greatest common divisor of 20 and s?
20
Let t(b) = 29*b**2 + 3*b - 4. Let u be t(-3). Calculate the greatest common divisor of 8 and u.
8
Let h be 101/11 - 10/55. Let m be 8 + 4 + -2 + -4. Let n be 38 + 1 + m/(-2). What is the greatest common divisor of h and n?
9
Let c(f) = 50*f - 94. Let v be c(5). What is the highest common factor of v and 104?
52
Let a = -408 - -1245. What is the highest common divisor of a and 31?
31
Suppose t - 4*z = 255, 5*z - 41 = 2*t - 566. What is the greatest common factor of 75 and t?
25
Let y = -15 - -21. Let c(u) = -5*u**2 - y*u + 2*u - u**3 - 6 + 22 - 8. Let s be c(-5). What is the greatest common divisor of s and 70?
14
Let r(f) = -f**2 - 40*f - 46. Let q be r(-25). What is the highest common factor of q and 94?
47
Let w(d) = d**2 - 13. Let q be w(-4). Suppose -c + 15 = -4*b, 4*c + q = c - 4*b. Calculate the highest common divisor of 12 and c.
3
Let z(i) = -8*i. Let b be z(-1). Suppose 36 + b = 4*s. Let o = 26 - s. What is the greatest common factor of o and 5?
5
Let t be ((-1)/2)/((-2)/8). Suppose -t*q = -5 - 59. Calculate the highest common divisor of 192 and q.
32
Suppose 2*j + j + 4*k - 34 = 0, 0 = 4*j - 3*k - 12. What is the highest common factor of 4 and j?
2
Suppose 14*i = 65 + 75. What is the highest common divisor of i and 55?
5
Let p be 2/(-7) + (-4)/(-14). Suppose -q + 5*l = 9, p = 4*q + l - 0*l - 69. Let h = -9 - -13. What is the highest common factor of h and q?
4
Let s = -49 - -130. Let r = 107 - 98. What is the greatest common divisor of s and r?
9
Let r(q) = -q**2 + 14*q + 18. Let y be r(10). Calculate the greatest common divisor of y and 116.
58
Let n = 41 + 79. What is the greatest common divisor of 72 and n?
24
Suppose -2*z - 7 = 13. Let m = 2 + z. Let h be (-54)/18*m/3. What is the highest common divisor of h and 2?
2
Suppose -5*y + 243 = 3*d - 65, 3*d = 5*y + 298. Suppose 0 = -5*c + d + 79. Let q be (-762)/(-5) - c/(-60). What is the highest common factor of q and 17?
17
Suppose -3*g + 1 - 10 = 0. Let d be 61/3 + 1/g. Let m be (0 - (-28)/6)*(-450)/(-35). What is the greatest common divisor of d and m?
20
Suppose -6*g + 3*g = 90. Let n = 60 - 96. Let l be (n/g)/((-3)/(-20)). Calculate the highest common divisor of l and 20.
4
Suppose 19*d = 10*d + 54. Calculate the highest common divisor of d and 78.
6
Suppose -197 = -47*d + 179. Let k = 209 + -46. Let c = k - 75. Calculate the greatest common factor of d and c.
8
Let g(l) = -46*l - 2. Suppose h + 4*f + 9 = 0, 3*h + h + 4*f + 12 = 0. Let w be g(h). Calculate the greatest common factor of w and 11.
11
Let h(z) = 0 + z**2 + 12*z + 6 - 2 - 2. Let i be h(-12). Suppose f - 16 = i. Calculate the greatest common factor of f and 45.
9
Let k(t) = t**3 - t**2 - 1. Let j be k(2). Suppose 5*c - 63 = -j*x - 14, x = 4*c - 29. Suppose 370 = 5*b + 10. What is the highest common divisor of c and b?
8
Let b(p) = 3*p - 6. Let q(j) = -5*j + 12. Let c(t) 